{"id":593,"date":"2012-12-31T15:24:41","date_gmt":"2012-12-31T13:24:41","guid":{"rendered":"http:\/\/english.tehlikedekidiller.com\/?page_id=593"},"modified":"2021-02-15T13:32:59","modified_gmt":"2021-02-15T10:32:59","slug":"list-of-etl","status":"publish","type":"page","link":"https:\/\/english.tehlikedekidiller.com\/?page_id=593","title":{"rendered":"LIST OF ETL"},"content":{"rendered":"<p><img decoding=\"async\" class=\"alignright  wp-image-823\" src=\"http:\/\/tehlikedekidiller.com\/turkce\/wp-content\/uploads\/1.png\" alt=\"\" \/><\/p>\n<p><img loading=\"lazy\" decoding=\"async\" class=\"alignleft size-full wp-image-596\" title=\"definitively\" src=\"https:\/\/english.tehlikedekidiller.com\/wp-content\/uploads\/12.jpg\" alt=\"\" width=\"236\" height=\"41\" \/><br \/>\n&nbsp;<br \/>\n&nbsp;<br \/>\n&nbsp;<br \/>\n<span style=\"color: #92d051;\">\u2022 Akhiska (Meskhetian) Turkish<br \/>\n<span style=\"color: #92d051;\">\u2022 Bashkir<br \/>\n<\/span><span style=\"color: #92d051;\">\u2022 Chuvash<br \/>\n<\/span><span style=\"color: #92d051;\">\u2022 Khakas<br \/>\n<\/span><span style=\"color: #92d051;\">\u2022 Crimean Tatar<br \/>\n<\/span><span style=\"color: #92d051;\">\u2022 Noghay<br \/>\n<\/span><span style=\"color: #92d051;\">\u2022 Tyva (Tuvan)<br \/>\n<\/span><span style=\"color: #92d051;\">\u2022 Sakha (Yakut)<\/span><\/span><\/p>\n<p><img loading=\"lazy\" decoding=\"async\" class=\"alignleft size-full wp-image-599\" title=\"severely\" src=\"https:\/\/english.tehlikedekidiller.com\/wp-content\/uploads\/21.jpg\" alt=\"\" width=\"236\" height=\"41\" \/><br \/>\n&nbsp;<br \/>\n&nbsp;<br \/>\n&nbsp;<br \/>\n<span style=\"color: #ffc000;\">\u2022 Afshar<br \/>\n<\/span><span style=\"color: #ffc000;\">\u2022 Chalkan<br \/>\n<\/span><span style=\"color: #ffc000;\">\u2022 Dolgan<br \/>\n<\/span><span style=\"color: #ffc000;\">\u2022 Gagauz<br \/>\n<\/span><span style=\"color: #ffc000;\">\u2022 Khalaj<br \/>\n<\/span><span style=\"color: #ffc000;\">\u2022 Kumandin<br \/>\n<\/span><span style=\"color: #ffc000;\">\u2022 Pamir Kirghiz<br \/>\n<\/span><span style=\"color: #ffc000;\">\u2022 Siberian Tatar<br \/>\n<\/span><span style=\"color: #ffc000;\">\u2022 Shor<br \/>\n<\/span><span style=\"color: #ffc000;\">\u2022 Telengit<br \/>\n<\/span><span style=\"color: #ffc000;\">\u2022 Teleut<br \/>\n<\/span><span style=\"color: #ffc000;\">\u2022 Tofa<br \/>\n<\/span><span style=\"color: #ffc000;\">\u2022 Tuba <\/span><\/p>\n<p><img loading=\"lazy\" decoding=\"async\" class=\"alignleft size-full wp-image-602\" title=\"critically\" src=\"https:\/\/english.tehlikedekidiller.com\/wp-content\/uploads\/32.jpg\" alt=\"\" width=\"236\" height=\"41\" \/><br \/>\n&nbsp;<br \/>\n&nbsp;<br \/>\n&nbsp;<br \/>\n<span style=\"color: #c0504e;\">\u2022 Chulym Turkish<br \/>\n<\/span><span style=\"color: #c0504e;\">\u2022 Dayi language<br \/>\n<\/span><span style=\"color: #c0504e;\">\u2022 Dukha<br \/>\n<\/span><span style=\"color: #c0504e;\">\u2022 Khorasani Turkish<br \/>\n<\/span><span style=\"color: #c0504e;\">\u2022 Fuy\u00fc Kirghiz<br \/>\n<\/span><span style=\"color: #c0504e;\">\u2022 Krymchak<br \/>\n<\/span><span style=\"color: #c0504e;\">\u2022 Karay<br \/>\n<\/span><span style=\"color: #c0504e;\">\u2022 Lopnor Turkish<br \/>\n<\/span><span style=\"color: #c0504e;\">\u2022 Salar<br \/>\n<\/span><span style=\"color: #c0504e;\">\u2022 Yellow Uyghur<br \/>\n<\/span><span style=\"color: #c0504e;\">\u2022 Sonqori<br \/>\n<\/span><span style=\"color: #c0504e;\">\u2022 Trukhmen<br \/>\n<\/span><span style=\"color: #c0504e;\">\u2022 Urum<\/span><\/p>\n<p><img loading=\"lazy\" decoding=\"async\" class=\"alignleft size-full wp-image-603\" title=\"extinct\" src=\"https:\/\/english.tehlikedekidiller.com\/wp-content\/uploads\/41.jpg\" alt=\"\" width=\"236\" height=\"41\" \/><br \/>\n&nbsp;<br \/>\n&nbsp;<br \/>\n&nbsp;<br \/>\n<span style=\"color: #8165a2;\">\u2022 Cuman<br \/>\n<\/span><span style=\"color: #8165a2;\">\u2022 Soyot<\/span><\/p>\n<p>\u0130sa Sar\u0131<br \/>\nFoto\u011fraflar:<br \/>\nElisabetta Ragagnin \u00a9<br \/>\nAhat Salihov \u00a9<\/p>\n","protected":false},"excerpt":{"rendered":"<p>&nbsp; &nbsp; &nbsp; \u2022 Akhiska (Meskhetian) Turkish \u2022 Bashkir \u2022 Chuvash \u2022 Khakas \u2022 Crimean Tatar \u2022 Noghay \u2022 Tyva (Tuvan) \u2022 Sakha (Yakut) &nbsp; &nbsp; &nbsp; \u2022 Afshar \u2022 Chalkan \u2022 Dolgan \u2022 Gagauz \u2022 Khalaj \u2022 Kumandin \u2022 Pamir Kirghiz \u2022 Siberian Tatar \u2022 Shor \u2022 Telengit \u2022 Teleut \u2022 Tofa \u2022 Tuba &nbsp; &nbsp; &nbsp; \u2022 Chulym Turkish \u2022 Dayi language \u2022 Dukha \u2022 Khorasani Turkish \u2022 Fuy\u00fc Kirghiz \u2022 Krymchak \u2022 Karay \u2022 Lopnor Turkish \u2022 Salar \u2022 Yellow Uyghur \u2022 Sonqori \u2022 Trukhmen \u2022 Urum &nbsp; &nbsp; &nbsp; \u2022 Cuman \u2022 Soyot \u0130sa Sar\u0131 Foto\u011fraflar:&nbsp;<a href=\"https:\/\/english.tehlikedekidiller.com\/?page_id=593\" class=\"read-more\">Continue Reading<\/a><\/p>\n","protected":false},"author":1,"featured_media":0,"parent":0,"menu_order":0,"comment_status":"closed","ping_status":"open","template":"page-fullwidth.php","meta":{"footnotes":""},"class_list":["post-593","page","type-page","status-publish","hentry"],"_links":{"self":[{"href":"https:\/\/english.tehlikedekidiller.com\/index.php?rest_route=\/wp\/v2\/pages\/593","targetHints":{"allow":["GET"]}}],"collection":[{"href":"https:\/\/english.tehlikedekidiller.com\/index.php?rest_route=\/wp\/v2\/pages"}],"about":[{"href":"https:\/\/english.tehlikedekidiller.com\/index.php?rest_route=\/wp\/v2\/types\/page"}],"author":[{"embeddable":true,"href":"https:\/\/english.tehlikedekidiller.com\/index.php?rest_route=\/wp\/v2\/users\/1"}],"replies":[{"embeddable":true,"href":"https:\/\/english.tehlikedekidiller.com\/index.php?rest_route=%2Fwp%2Fv2%2Fcomments&post=593"}],"version-history":[{"count":15,"href":"https:\/\/english.tehlikedekidiller.com\/index.php?rest_route=\/wp\/v2\/pages\/593\/revisions"}],"predecessor-version":[{"id":728,"href":"https:\/\/english.tehlikedekidiller.com\/index.php?rest_route=\/wp\/v2\/pages\/593\/revisions\/728"}],"wp:attachment":[{"href":"https:\/\/english.tehlikedekidiller.com\/index.php?rest_route=%2Fwp%2Fv2%2Fmedia&parent=593"}],"curies":[{"name":"wp","href":"https:\/\/api.w.org\/{rel}","templated":true}]}}